18 (base 16) in base 2?
1000110010010000011000
144335125 (base 6) to base 7
34423100
Convert -1110000000100011 (base 2) to base 14.
-16ca7
What is -8f37c (base 16) in base 5?
-122232440
What is -111065 (base 9) in base 16?
-1035e
What is -43788 (base 11) in base 7?
-353063
What is 5da38 (base 15) in base 13?
a6304
2323101201 (base 4) to base 9
1388203
What is -189417 (base 12) in base 11?
-274798
1850a (base 13) to base 11
32340
-25b6347 (base 13) to base 10
-11838002
-ba43 (base 15) to base 14
-10530
-118685 (base 9) to base 10
-72005
What is -133633 (base 10) in base 12?
-65401
What is -17d9c8 (base 15) in base 10?
-1159838
-110001100101100101 (base 2) to base 6
-4204153
113302323 (base 4) to base 13
35496
465635 (base 7) to base 9
136685
-444120 (base 11) to base 2
-10101100111010001011
What is -100011010010100000 (base 2) in base 6?
-3033104
What is 28b2b6 (base 14) in base 8?
5311120
101641 (base 8) to base 15
9eb7
Convert 1332561 (base 9) to base 8.
2622115
Convert 74301 (base 8) to base 6.
355041
What is -93bc (base 14) in base 7?
-134125
What is -8a23b (base 14) in base 2?
-1010001110101101101
What is 28d165 (base 16) in base 2?
1010001101000101100101
-113004021 (base 7) to base 15
-922153
What is -7c293 (base 14) in base 13?
-a7817
-4550454 (base 6) to base 4
-320223202
What is -12713666 (base 9) in base 8?
-27723110
What is 89a749 (base 11) in base 14?
294a43
Convert -14740435 (base 10) to base 6.
-1243534431
918674 (base 16) to base 14
13a38c4
-798ab (base 15) to base 6
-12142155
Convert 1a8d5 (base 14) to base 10.
67611
Convert 322405 (base 6) to base 14.
992d
What is -512145430 (base 6) in base 5?
-4222114110
-10302113 (base 5) to base 3
-11110102020
Convert 356631 (base 8) to base 4.
131312121
Convert -34026 (base 12) to base 10.
-69150
-1445306 (base 8) to base 3
-202221122112
3471b (base 15) to base 11
1044a7
What is 487fb (base 16) in base 11?
19311a
3707a (base 13) to base 15
1ee93
-1043973 (base 10) to base 11
-653397
Convert 1719b44 (base 12) to base 16.
48b824
What is -2db33 (base 14) in base 3?
-12211100100
7517722 (base 10) to base 5
3411031342
What is -75242 (base 10) in base 12?
-37662
304220 (base 7) to base 12
26055
What is -1222201021001 (base 3) in base 14?
-1d7412
What is -131122003 (base 4) in base 3?
-20010020011
636773 (base 8) to base 6
4315403
Convert -88213 (base 10) to base 13.
-311c8
2310023020 (base 4) to base 12
2b70b4
What is -2153634 (base 7) in base 16?
-40cf2
Convert 101111011010110110 (base 2) to base 14.
50ad8
What is -11022320 (base 5) in base 3?
-11211202221
Convert -6375063 (base 8) to base 4.
-12133220303
What is -5145778 (base 9) in base 6?
-134512325
-8069a (base 12) to base 3
-22110220101
163261323 (base 7) to base 4
222113303031
Convert -289495 (base 11) to base 13.
-12a848
What is 200311202 (base 5) in base 14?
1685c7
Convert 32bd65 (base 16) to base 9.
6227381
8eb19 (base 15) to base 5
104022444
Convert -42011522 (base 6) to base 10.
-1214762
What is -521200511 (base 6) in base 9?
-17867527
-15596 (base 16) to base 13
-30a58
3406d (base 15) to base 10
165478
10254031 (base 6) to base 15
5eb01
What is 51606042 (base 7) in base 5?
2102311134
What is -84164 (base 9) in base 7?
-320635
What is -70b3b (base 14) in base 8?
-1021421
302e0 (base 15) to base 9
252213
What is 2112402014 (base 5) in base 4?
100312313001
-228b8 (base 14) to base 4
-110201102
-9564082 (base 10) to base 5
-4422022312
2853132 (base 9) to base 8
5773110
Convert -2555302 (base 6) to base 15.
-2b692
-60215 (base 7) to base 5
-431031
Convert 35cd21 (base 14) to base 9.
3415408
Convert -130231021 (base 4) to base 14.
-30bc5
-1b17 (base 12) to base 10
-3331
What is -a20bb6 (base 12) in base 5?
-1122002024
Convert 1102103321 (base 4) to base 12.
143135
What is -1dd46 (base 15) in base 13?
-354b4
What is 202333200 (base 4) in base 6?
3023320
Convert 271789 (base 12) to base 14.
12b425
Convert 2716275 (base 9) to base 15.
1e5a95
-ccb91 (base 14) to base 11
-309894
Convert -1265232 (base 7) to base 11.
-104938
177dc2 (base 14) to base 7
10020632
Convert -2144232003 (base 5) to base 3.
-22210210002201
43023363 (base 7) to base 16
37be16
Convert 1f131a (base 16) to base 2.
111110001001100011010
-93daa6 (base 14) to base 12
-1809882
3552 (base 12) to base 8
13516
Convert -222222010110 (base 3) to base 11.
-332890
What is 5d180 (base 14) in base 7?
1636620
Convert -ce493 (base 16) to base 6.
-30035443
Convert -148d55 (base 16) to base 7.
-14306553
-10006722 (base 8) to base 13
-587217
What is 101220200220 (base 3) in base 14?
58416
What is -2102100201110 (base 3) in base 10?
-1286481
Convert -64972 (base 10) to base 7.
-360265
Convert -163b329 (base 13) to base 14.
-d471cb
241321101 (base 5) to base 3
2002220120002
What is -11101000110000001 (base 2) in base 9?
-201420
What is -7a375 (base 11) in base 2?
-11100011000010010
What is -490325 (base 10) in base 7?
-4111343
Convert -43514144 (base 7) to base 2.
-1110001111110111100000
What is 104210 (base 6) in base 3?
102221220
What is -26287 (base 13) in base 4?
-101101201
Convert 873a9 (base 15) to base 16.
68d93
145586 (base 12) to base 6
11151450
What is -10212110220 (base 3) in base 16?
-12984
What is 10340140 (base 6) in base 5?
34333013
1214a4b (base 14) to base 15
b5edbd
Convert -4936e (base 15) to base 14.
-61218
Convert -1211222 (base 7) to base 9.
-254365
Convert -11011012200212 (base 3) to base 12.
-8a61a2
6116002 (base 7) to base 12
2b098a
Convert 10222222222 (base 3) to base 15.
184db
Convert -601540 (base 7) to base 12.
-4a86a
Convert aa192 (base 12) to base 5.
24144034
14311031 (base 5) to base 3
21122210221
Convert -2111201201101 (base 3) to base 10.
-1333135
121101123 (base 4) to base 8
312133
What is 2372207 (base 8) in base 7?
5355052
-56341530 (base 7) to base 11
-2836671
410114 (base 7) to base 10
69689
6663 (base 10) to base 9
10123
-213210600 (base 7) to base 10
-12742401
30324121 (base 5) to base 2
111011111100100000
2170304 (base 13) to base 12
3511545
What is -1200442221 (base 6) in base 9?
-27315434
Convert -22504 (base 10) to base 15.
-6a04
-945b9 (base 12) to base 13
-6a638
Convert -1136a (base 16) to base 8.
-211552
-11321000132 (base 4) to base 10
-1544222
Convert -218a97 (base 14) to base 9.
-2124165
What is -24403350 (base 7) in base 14?
-40c997
What is 551363 (base 9) in base 14?
87cd9
Convert 403325 (base 8) to base 10.
132821
-1022305 (base 7) to base 2
-11110000110011001
What is 16c2623 (base 13) in base 5?
3343341421
What is -122254555 (base 6) in base 11?
-136a038
Convert 110211003 (base 4) to base 13.
2c49c
What is 4195 (base 10) in base 15?
139a
Convert -364416 (base 9) to base 15.
-451b3
Convert 102557 (base 10) to base 2.
11001000010011101
Convert -1114604 (base 7) to base 8.
-416437
What is -1602901 (base 12) in base 10?
-4483729
5466102 (base 8) to base 10
1469506
What is 266579 (base 10) in base 16?
41153
What is -c5376 (base 13) in base 16?
-56811
What is 1a74c1 (base 15) in base 12?
522877
What is -5146c (base 16) in base 9?
-556587
What is -1644d (base 15) in base 7?
-416320
Convert 102010200100 (base 3) to base 11.
13a759
201910 (base 10) to base 15
3ec5a
-8420361 (base 9) to base 5
-2123014034
101022211000121 (base 3) to base 8
24736470
What is -914851 (base 10) in base 11?
-575383
What is 7388d (base 16) in base 6?
14050513
Convert 56536 (base 8) to base 3.
1012210021
Convert -328079 (base 10) to base 12.
-139a3b
23566563 (base 7) to base 13
5872b9
What is 201002100102 (base 3) in base 13?
102002
1599280 (base 10) to base 14
2d8b84
What is 12102212002 (base 3) in base 2?
11010001000110001
What is 211122210 (base 3) in base 8?
40206
-2121003011 (base 4) to base 14
-124657
57cc0 (base 13) to base 6
3234240
77a90 (base 11) to base 4
123213121
-6344633 (base 7) to base 15
-10268e
Convert 1751656 (base 8) to base 15.
a1eb2
Convert 14101471 (base 8) to base 11.
1881742
What is -16b310b (base 13) in base 10?
-7375509
Convert -512470 (base 8) to base 7.
-1303335
Convert 250567 (base 9) to base 10.
151369
Convert -32300020 (base 4) to base 5.
-3413144
What is 15c352 (base 14) in base 8?
2723144
Convert 925750 (base 12) to base 16.
22f3ec
What is -15552531 (base 6) in base 7?
-4516225
Convert 63065014 (base 7) to base 4.
110100132001
What is